{"id":634,"date":"2021-04-09T06:15:15","date_gmt":"2021-04-09T06:15:15","guid":{"rendered":"http:\/\/evolueazaincariera.ro\/?page_id=634"},"modified":"2021-04-09T06:15:15","modified_gmt":"2021-04-09T06:15:15","slug":"indicatori-prestabiliti","status":"publish","type":"page","link":"https:\/\/evolueazaincariera.ro\/index.php\/indicatori-prestabiliti\/","title":{"rendered":"Indicatori prestabiliti"},"content":{"rendered":"\n<figure class=\"wp-block-table\"><table><tbody><tr><td><strong>Indicatori de realizare<\/strong><\/td><\/tr><tr><td><br><\/td><td><strong>Denumire indicator<\/strong><\/td><td><strong>Valoare<\/strong><\/td><\/tr><tr><td><br><\/td><td><strong>Angaja\u021bi care beneficiaz\u0103 de sprijin pentru participarea la FPC (formare\/ validare de competen\u021be)<\/strong><\/td><td>658<\/td><\/tr><tr><td><br><\/td><td>Angaja\u021bi care beneficiaz\u0103 de sprijin pentru participarea la FPC (formare\/ validare de competen\u021be), din care: persoane cu nivel sc\u0103zut de calificare<\/td><td>38<\/td><\/tr><tr><td><br><\/td><td>Angaja\u021bi care beneficiaz\u0103 de sprijin pentru participarea la FPC (formare\/ validare de competen\u021be), din care: persoane din mediul rural<\/td><td>100<\/td><\/tr><tr><td><br><\/td><td>Angaja\u021bi care beneficiaz\u0103 de sprijin pentru participarea la FPC (formare\/ validare de competen\u021be), din care: persoane cu v\u00e2rsta peste 40 de ani<\/td><td>60<\/td><\/tr><\/tbody><\/table><\/figure>\n\n\n\n<figure class=\"wp-block-table\"><table><tbody><tr><td><strong>Indicatori de rezultat<\/strong><\/td><\/tr><tr><td><br><\/td><td><strong>Denumire indicator<\/strong><\/td><td><strong>Valoare<\/strong><\/td><\/tr><tr><td><br><\/td><td><strong>Persoane certificate urmare a sprijinului acordat<\/strong><\/td><td>530<\/td><\/tr><tr><td><br><\/td><td>Persoane certificate urmare a sprijinului acordat, din care: persoane cu nivel sc\u0103zut de calificare<\/td><td>31<\/td><\/tr><tr><td><br><\/td><td>Persoane certificate urmare a sprijinului acordat, din care: persoane din mediul rural<\/td><td>80<\/td><\/tr><tr><td><br><\/td><td>Persoane certificate urmare a sprijinului acordat, din care: persoane cu v\u00e2rsta peste 40 de ani<\/td><td>48<\/td><\/tr><tr><td><br><\/td><td><strong>Persoane care \u00ee\u0219i g\u0103sesc un loc de munc\u0103 urmare a sprijinului primit<\/strong><\/td><td>380<\/td><\/tr><tr><td><br><\/td><td>Persoane care \u00ee\u0219i g\u0103sesc un loc de munc\u0103 urmare a sprijinului primit, din care: persoane cu nivel sc\u0103zut de calificare<\/td><td>25<\/td><\/tr><tr><td><br><\/td><td>Persoane care \u00ee\u0219i g\u0103sesc un loc de munc\u0103 urmare a sprijinului primit, din care: persoane din mediul rural<\/td><td>58<\/td><\/tr><tr><td><br><\/td><td>Persoane care \u00ee\u0219i g\u0103sesc un loc de munc\u0103 urmare a sprijinului primit, din care: persoane cu v\u00e2rsta peste 40 de ani<\/td><td>28<\/td><\/tr><tr><td><br><\/td><td><strong>Persoane care urmeaz\u0103 studii\/cursuri de formare la \u00eencetarea calit\u0103\u021bii de participant<\/strong><\/td><td>66<\/td><\/tr><tr><td><br><\/td><td>Persoane care urmeaz\u0103 studii\/cursuri de formare la \u00eencetarea calit\u0103\u021bii de participant, din care: persoane cu nivel sc\u0103zut de calificare<\/td><td>4<\/td><\/tr><tr><td><br><\/td><td>Persoane care urmeaz\u0103 studii\/cursuri de formare la \u00eencetarea calit\u0103\u021bii de participant, din care: persoane din mediul rural<\/td><td>10<\/td><\/tr><tr><td><br><\/td><td>Persoane care urmeaz\u0103 studii\/cursuri de formare la \u00eencetarea calit\u0103\u021bii de participant, din care: persoane cu v\u00e2rsta peste 40 de ani<\/td><td>6<\/td><\/tr><\/tbody><\/table><\/figure>\n\n\n\n<figure class=\"wp-block-table\"><table><tbody><tr><td><strong>Indicatori de realizare<\/strong><\/td><\/tr><tr><td><br><\/td><td><strong>Denumire indicator<\/strong><\/td><td><strong>Valoare<\/strong><\/td><\/tr><tr><td><br><\/td><td><strong>Angaja\u021bi care beneficiaz\u0103 de sprijin pentru participarea la FPC (formare\/ validare de competen\u021be)<\/strong><\/td><td>658<\/td><\/tr><tr><td><br><\/td><td>Angaja\u021bi care beneficiaz\u0103 de sprijin pentru participarea la FPC (formare\/ validare de competen\u021be), din care: persoane cu nivel sc\u0103zut de calificare<\/td><td>38<\/td><\/tr><tr><td><br><\/td><td>Angaja\u021bi care beneficiaz\u0103 de sprijin pentru participarea la FPC (formare\/ validare de competen\u021be), din care: persoane din mediul rural<\/td><td>100<\/td><\/tr><tr><td><br><\/td><td>Angaja\u021bi care beneficiaz\u0103 de sprijin pentru participarea la FPC (formare\/ validare de competen\u021be), din care: persoane cu v\u00e2rsta peste 40 de ani<\/td><td>60<\/td><\/tr><\/tbody><\/table><\/figure>\n\n\n\n<figure class=\"wp-block-table\"><table><tbody><tr><td><strong>Indicatori de rezultat<\/strong><\/td><\/tr><tr><td><br><\/td><td><strong>Denumire indicator<\/strong><\/td><td><strong>Valoare<\/strong><\/td><\/tr><tr><td><br><\/td><td><strong>Persoane certificate urmare a sprijinului acordat<\/strong><\/td><td>530<\/td><\/tr><tr><td><br><\/td><td>Persoane certificate urmare a sprijinului acordat, din care: persoane cu nivel sc\u0103zut de calificare<\/td><td>31<\/td><\/tr><tr><td><br><\/td><td>Persoane certificate urmare a sprijinului acordat, din care: persoane din mediul rural<\/td><td>80<\/td><\/tr><tr><td><br><\/td><td>Persoane certificate urmare a sprijinului acordat, din care: persoane cu v\u00e2rsta peste 40 de ani<\/td><td>48<\/td><\/tr><tr><td><br><\/td><td><strong>Persoane care \u00ee\u0219i g\u0103sesc un loc de munc\u0103 urmare a sprijinului primit<\/strong><\/td><td>380<\/td><\/tr><tr><td><br><\/td><td>Persoane care \u00ee\u0219i g\u0103sesc un loc de munc\u0103 urmare a sprijinului primit, din care: persoane cu nivel sc\u0103zut de calificare<\/td><td>25<\/td><\/tr><tr><td><br><\/td><td>Persoane care \u00ee\u0219i g\u0103sesc un loc de munc\u0103 urmare a sprijinului primit, din care: persoane din mediul rural<\/td><td>58<\/td><\/tr><tr><td><br><\/td><td>Persoane care \u00ee\u0219i g\u0103sesc un loc de munc\u0103 urmare a sprijinului primit, din care: persoane cu v\u00e2rsta peste 40 de ani<\/td><td>28<\/td><\/tr><tr><td><br><\/td><td><strong>Persoane care urmeaz\u0103 studii\/cursuri de formare la \u00eencetarea calit\u0103\u021bii de participant<\/strong><\/td><td>66<\/td><\/tr><tr><td><br><\/td><td>Persoane care urmeaz\u0103 studii\/cursuri de formare la \u00eencetarea calit\u0103\u021bii de participant, din care: persoane cu nivel sc\u0103zut de calificare<\/td><td>4<\/td><\/tr><tr><td><br><\/td><td>Persoane care urmeaz\u0103 studii\/cursuri de formare la \u00eencetarea calit\u0103\u021bii de participant, din care: persoane din mediul rural<\/td><td>10<\/td><\/tr><tr><td><br><\/td><td>Persoane care urmeaz\u0103 studii\/cursuri de formare la \u00eencetarea calit\u0103\u021bii de participant, din care: persoane cu v\u00e2rsta peste 40 de ani<\/td><td>6<\/td><\/tr><\/tbody><\/table><\/figure>\n","protected":false},"excerpt":{"rendered":"<p>Indicatori de realizare Denumire indicator Valoare Angaja\u021bi care beneficiaz\u0103 de sprijin pentru participarea la FPC (formare\/ validare de competen\u021be) 658 Angaja\u021bi care beneficiaz\u0103 de sprijin pentru participarea la FPC (formare\/ validare de competen\u021be), din care: persoane cu nivel sc\u0103zut de calificare 38 Angaja\u021bi care beneficiaz\u0103 de sprijin pentru participarea la FPC (formare\/ validare de competen\u021be), [&hellip;]<\/p>\n","protected":false},"author":1,"featured_media":0,"parent":0,"menu_order":0,"comment_status":"closed","ping_status":"closed","template":"","meta":{"footnotes":""},"class_list":["post-634","page","type-page","status-publish","hentry"],"_links":{"self":[{"href":"https:\/\/evolueazaincariera.ro\/index.php\/wp-json\/wp\/v2\/pages\/634","targetHints":{"allow":["GET"]}}],"collection":[{"href":"https:\/\/evolueazaincariera.ro\/index.php\/wp-json\/wp\/v2\/pages"}],"about":[{"href":"https:\/\/evolueazaincariera.ro\/index.php\/wp-json\/wp\/v2\/types\/page"}],"author":[{"embeddable":true,"href":"https:\/\/evolueazaincariera.ro\/index.php\/wp-json\/wp\/v2\/users\/1"}],"replies":[{"embeddable":true,"href":"https:\/\/evolueazaincariera.ro\/index.php\/wp-json\/wp\/v2\/comments?post=634"}],"version-history":[{"count":1,"href":"https:\/\/evolueazaincariera.ro\/index.php\/wp-json\/wp\/v2\/pages\/634\/revisions"}],"predecessor-version":[{"id":635,"href":"https:\/\/evolueazaincariera.ro\/index.php\/wp-json\/wp\/v2\/pages\/634\/revisions\/635"}],"wp:attachment":[{"href":"https:\/\/evolueazaincariera.ro\/index.php\/wp-json\/wp\/v2\/media?parent=634"}],"curies":[{"name":"wp","href":"https:\/\/api.w.org\/{rel}","templated":true}]}}